 2*i - 10*y + d. Let m = -19 - i. List the prime factors of m.
5, 7
What are the prime factors of (405 - -4)/(23/69)?
3, 409
Suppose -t + 4*h + 463 = 0, 2*t - 1365 = -t + 4*h. What are the prime factors of t?
11, 41
Let f = -23 - 59. Let x = 51 - f. What are the prime factors of x?
7, 19
Let v = 0 - -304. Let i = -115 + v. What are the prime factors of i?
3, 7
Suppose -m = -8*m + 1225. Suppose -6*f + f + m = 0. What are the prime factors of f?
5, 7
Suppose 5*y - 339 = -b, -5*y - 706 = -2*b - 8*y. What are the prime factors of b?
359
Let n be ((-8)/10)/(2/(-5)). Suppose 0 = -2*z + 2*u + 22, n*u - 19 = -z + 5*u. What are the prime factors of z?
7
Suppose -30 = -a - 2*a. Let p = a + -10. Suppose p = k - 6 + 1. What are the prime factors of k?
5
Let a be (-32)/(2/3*-3). Suppose -a + 148 = 4*h. List the prime factors of h.
3, 11
Let z be (-50)/15*(-3)/2. Suppose 2*n - z*m = -5, -2*m + 19 + 7 = 4*n. Let o = n + 7. List the prime factors of o.
2, 3
Let t(c) = 4*c**2 - 3*c + 4. Suppose 0 = -5*d + 11 + 9. List the prime factors of t(d).
2, 7
Let o(l) = -l**3 + 6*l**2 + 4*l + 8. Let h be 51/9 - (-2)/6. Let f be o(h). Suppose 0 = -3*k + 9, -f = -d - 3*k + 5*k. List the prime factors of d.
2, 19
Let p(v) = 2*v**2 + 22*v - 54. Let d be p(4). Let l(r) = 4*r - 4. Let h be l(-6). Let o = d + h. List the prime factors of o.
2, 19
Let q(a) = -a + 2. Let i be q(-1). List the prime factors of -447*((-16)/(-6) - i).
149
Let x(c) = 3*c - 3. Let s(m) = m + 6. Let n be s(7). List the prime factors of x(n).
2, 3
Suppose 5*n - 4*u = 228, 3*u = 3*n - u - 140. Let w = -6 - -6. Suppose 3*z - n - 61 = w. List the prime factors of z.
5, 7
Let k = -354 - -987. List the prime factors of k.
3, 211
Let h = -65 + 2923. What are the prime factors of h?
2, 1429
Let g be (5/15 - 1) + 6/9. Suppose 5*v - 4*h = 924, g*h + 4*h = 16. What are the prime factors of v?
2, 47
Let b(u) = -98*u - 129. What are the prime factors of b(-4)?
263
Let n(v) be the third derivative of -v**5/60 - v**4/4 - v**3/3 + 7*v**2. Let g be n(-4). Suppose -4*d = -g*d + 54. List the prime factors of d.
3
Let q be (3 + 1)/4 + -52. Let o = q + 88. List the prime factors of o.
37
Suppose 5*l = 559 + 21. Suppose m - l = 45. What are the prime factors of m?
7, 23
Suppose 4*y = -0*y + 2*t - 1310, 3*t = -y - 324. Let v = -105 - y. What are the prime factors of ((-9)/27)/((-2)/v)?
37
Let c(v) = -v + 14. Let l be c(12). Let o be 8 - 2 - (l - 1). What are the prime factors of 31 + o - (2 + -4)?
2, 19
Let y(d) = 6*d - 4. Let b be y(4). Suppose -3*x + b = 2*x. What are the prime factors of (-2)/(x/22)*-1?
11
Let u be (-4)/(-6) - (-26)/6. Suppose u*x = 2*b - 7*b, -2*x - b = -4. Suppose -x*n - 2*l + 60 = -6*l, l = -n + 11. What are the prime factors of n?
13
Let b(a) = -2*a**3 + a**2 - a - 2. Let m be b(-1). What are the prime factors of 825/10 + (-1)/m?
2, 41
Suppose -4*c + 24 = 2*c. Suppose 0 = 4*y + 4*o - 6*o - 190, 5*y - c*o = 230. What are the prime factors of y?
2, 5
Let y = -1712 - -4065. What are the prime factors of y?
13, 181
Suppose -6*k + k + 15 = 0. Suppose t - k + 0 = 0. Suppose -t*y + 245 = 4*y. What are the prime factors of y?
5, 7
Suppose -p = -3*r - 988, 2*p - 2*r = 7*p - 4940. List the prime factors of p.
2, 13, 19
Let j = -2 + 4. Suppose 47*l - 15*l = 64. Suppose -5*n = -j*p - 72, -84 = -5*n - l*p + p. List the prime factors of n.
2
Let q(g) = g + 26. Let l be q(-24). Suppose 0 = -3*w - 4*r + 133, 169 = 4*w - r - l*r. What are the prime factors of w?
43
Suppose 8*p - 7*p - 11 = 0. Suppose 3*n = 2*n + 1, -2*t + p = -3*n. What are the prime factors of t?
7
Let g = 106 + -64. Suppose -5*k + 2*z + 300 = 75, -k + z = -g. List the prime factors of k.
47
Let r be 138/(-2) + -4 + 6 + -1. Let l = 96 + r. List the prime factors of l.
2, 7
Let p = 13 - 15. Let w be p*(-2 + (-44)/8). Suppose -4*r = -3*r - w. What are the prime factors of r?
3, 5
Suppose 5405 - 3459 = 7*v. What are the prime factors of v?
2, 139
Let u = -1 - -3. Suppose 3*q = u*m - 2*q - 113, 2*m - q = 109. Suppose -2*b + m = b. List the prime factors of b.
2, 3
Let n = 1714 + -248. List the prime factors of n.
2, 733
List the prime factors of (-338)/(4 + -6) - (-5)/(-1).
2, 41
Suppose 4*c - 15 = -c. Suppose q = -2 + 2. Suppose 2*t + 2*m = -3*t + 150, q = -3*t - c*m + 81. What are the prime factors of t?
2
Let i(q) = -3*q**3 + 2*q**2 - 1. Let m be i(-1). Suppose 928 = 4*w + m*w. List the prime factors of 2*(w/8 + -3).
23
Let s = 1 + -5. Let d be s/10 + (-2192)/(-80). Let f = d - 21. What are the prime factors of f?
2, 3
Suppose 0 = 4*t + 179 - 723. Suppose -2*h + 83 = -5*w, h + 3*h - t = 4*w. List the prime factors of h.
29
Suppose -5*i + 26 = -504. Suppose 2*g + l = 2*l + 202, -g = 2*l - i. List the prime factors of g.
2, 3, 17
Let c(y) = 368*y**2 - 739*y**2 + 370*y**2 + 24*y + 6. List the prime factors of c(13).
149
Let g = 964 + -247. What are the prime factors of g?
3, 239
Let y(r) = 26*r**2 - 14*r - 37. List the prime factors of y(-3).
239
Suppose 0 = -6*a - 3*a + 594. Suppose -2*c + a = 3*t + 17, t = c - 12. What are the prime factors of c?
17
Let h(x) be the first derivative of -9*x**2 - 63*x - 41. List the prime factors of h(-17).
3
Let n(g) = g**2 + 11*g - 7*g + 15 - 4*g. What are the prime factors of n(-12)?
3, 53
Suppose 2*d - 9*d = -7. List the prime factors of (106 - -3 - 2)/d.
107
List the prime factors of (-40)/(-300) - (-3 - 46016/30).
29, 53
Let n(l) = l + 20. Let d(p) = -p. Let c(f) = 4*d(f) + n(f). What are the prime factors of c(-15)?
5, 13
Suppose -2*a = 5*n + 7, -3*n - 25 = -2*a - 2*a. Suppose -12 + a = 2*o. What are the prime factors of (4 + -2)*(-38)/o?
19
Suppose 2*s + 268 = -3*r, 0 = 4*r + 5*s + 318 + 51. Let c = -24 - r. What are the prime factors of c?
2, 31
Suppose -2*a + 96 = 4*u, 0*a - 41 = -a + 5*u. Suppose 19 - a = -3*q + 4*t, -30 = -3*q + 5*t. Suppose -q*j = -4*j - 27. List the prime factors of j.
3
Let v(g) be the second derivative of g**4/6 + 2*g**3/3 - 3*g**2 - 10*g. What are the prime factors of v(-5)?
2, 3
Suppose 0 = -55*h + 64*h - 2979. List the prime factors of h.
331
Let c(y) = -y + 72. List the prime factors of c(5).
67
Let n(h) = 24*h**3 + 6*h**2 + 16*h - 67. List the prime factors of n(4).
3, 181
Suppose 0 = -n - 0 - 2. Let k(w) = -11*w**3 - 4*w**2 - 2*w + 2. List the prime factors of k(n).
2, 3, 13
Let z(m) = m - 4. Let l be z(-7). Let x = 61 - l. What are the prime factors of x?
2, 3
Suppose 6*r - 130 = r. Suppose -r = -2*g + 70. What are the prime factors of g?
2, 3
Let t(u) be the third derivative of u**6/120 + u**5/60 - u**4/4 + 11*u**2. List the prime factors of t(5).
2, 3, 5
Let x be (-68)/(-24) + 2/12. Suppose -4*f = -5*s + 2, -3*f - x*s = -4*f - 4. Suppose 189 = 5*q - f*q. List the prime factors of q.
3, 7
Let l(c) = -7*c + 65. Let t(y) = 4*y - 32. Let v(q) = 2*l(q) + 5*t(q). List the prime factors of v(10).
2, 3, 5
Let u = 18 - 22. Let t(j) = j. Let x be t(u). List the prime factors of 2516/85 - x/10.
2, 3, 5
Let d(p) = p**2 + 2*p - 2. Let u be d(2). Suppose -3*w = -u*w + 9. Suppose w*i + 15 = 4*n - n, -5 = -n + 5*i. List the prime factors of n.
5
Suppose -4*u - t = -4233, -t = -2*t + 5. List the prime factors of u.
7, 151
Let q be ((-3)/2)/((-3)/6). Suppose -2*b + 5*d + 320 = 3*b, -q*b - 4*d = -171. Let x = -29 + b. List the prime factors of x.
2
Let z(r) = 106*r**2 - 2. List the prime factors of z(1).
2, 13
Suppose 0 = -2*k - 0*k - s + 191, -k + 97 = -s. Suppose 454 = 3*z - u, -z + u + k + 56 = 0. List the prime factors of z.
151
Suppose -3*q = 6, -58 = -5*o + 2*q + 2*q. What are the prime factors of o?
2, 5
Suppose 14*w - 2331 - 2653 = 0. List the prime factors of w.
2, 89
Let z(y) = -2*y**2 + 6*y - 3. Let x(i) = 3*i**2 - 13*i + 5. Let r(d) = -3*x(d) - 5*z(d). Let g be -2*(34/4 + -2). What are the prime factors of r(g)?
2, 13
Suppose 5*d + 35*x = 30*x + 2365, -2*x = -4*d + 1874. List the prime factors of d.
2, 5, 47
Let u(p) = 212*p + 12. What are the prime factors of u(6)?
2, 3, 107
Suppose 639 - 59 = 5*o. Let f = o + -56. List the prime factors of f.
2, 3, 5
What are the prime factors of 6/(-48)*-4*(-1832)/(-4)?
229
Let x = 6 - 3. Suppose -x*r = -7*r - 28. Let o = r + 12. List the prime factors of o.
5
Let i(f) = 0*f + 0*f - f. Let y(h) = -h**2 + 5*h - 10. Let q(g) = 3*i(g) - y(g). What 